 = -3416 + 7700. What are the prime factors of l?
2, 3, 7, 17
Suppose -2*m + y + 15 = 0, 3*m = y + 1 + 20. Suppose -5*r - x = -10, 3*r - x + 16 = -m*x. What are the prime factors of (2 - (r + (-3 - -1))) + 2?
3
Suppose 0 = 940*w - 957*w + 291594 - 20784. What are the prime factors of w?
2, 3, 5, 59
What are the prime factors of 292*(-154)/24*-6?
2, 7, 11, 73
Suppose -11*a - 92694 = -25*a. List the prime factors of a.
3, 2207
Suppose -7*n + 163 + 12 = 0. What are the prime factors of 25/10*860/n?
2, 43
Let k = 214419 - 118679. List the prime factors of k.
2, 5, 4787
Let o = -60 - -67. Suppose -t + 3*s - o*s + 134 = 0, 6 = 3*s. Suppose h - 2*m - t = 0, -5*h + 4*m = -4*h - 126. What are the prime factors of h?
2, 3, 7
Let i = 30 + -30. Suppose -b - 3*b + 172 = z, i = 5*z - 5*b - 735. What are the prime factors of 1*(-1)/((-2)/z)?
2, 19
Let v = -172 - -181. Suppose -v*y + 2630 = y. What are the prime factors of y?
263
Let x be 5 + (-3 - -5) + (-2 - 2). Suppose -j = -1, j + 469 = 2*k + x*k. What are the prime factors of k?
2, 47
Let t(w) = -w**2 + w + 2. Let q(h) = 3*h**2 + 8*h + 5. Let u(n) = q(n) + 5*t(n). List the prime factors of u(7).
2
Suppose 13*r + 10 = 3*r. Let h be 7 + -6 - -1*(3 + r). Suppose -4*d - h*v + 38 = -v, 3*v - 9 = 0. What are the prime factors of d?
2
List the prime factors of ((-449251)/44)/(4/6*15/(-40)).
40841
Let l(u) = 4*u**2 - 24*u + 159. List the prime factors of l(30).
3, 1013
Suppose 2023 = -8*z + z. Let p = z - -777. List the prime factors of p.
2, 61
Suppose 3*f + 106873 - 298567 = -2*p, 4*f + 3*p = 255592. List the prime factors of f.
2, 43, 743
What are the prime factors of 10/(-75)*-3 + 1/((-5)/(-46878))?
2, 293
Suppose -45708 = -3*j + 3*f, 5*j - 77106 = 4*f - 932. List the prime factors of j.
2, 5, 1523
Let o be (-3)/(-6) + 61734/12. Suppose -3849 = -3*t - y, 0 = -10*t + 6*t + 3*y + o. What are the prime factors of t?
2, 3, 107
Let r(w) = -174*w - 21. Suppose -19 - 17 = 6*u. What are the prime factors of r(u)?
3, 11, 31
Suppose 2*f + 2*k = k + 54, 4*f - 102 = -5*k. Suppose -f*b = -21*b - 868. Suppose -9*m + b = -722. List the prime factors of m.
2, 47
Let g be (1 + -121)/(-2) - (-1 + -2). Let r = g - 55. Suppose -q - 3*d = -10 - 17, -2*d - r = 0. List the prime factors of q.
3, 13
Suppose -603 = -q + 5*s, 4*q + s = 2488 - 13. Let h = 2601 - q. What are the prime factors of h?
3, 661
Suppose 3*i = 2*w - 0*w + 17, 2*w - i = -19. Let a(d) = d**2 + 12*d + 20. Let p be a(w). Suppose p = 9*j - 0*j - 1611. What are the prime factors of j?
179
Suppose 2*k + 177 = 5*k. Suppose w = 17 + 14. Let z = k - w. List the prime factors of z.
2, 7
Let r(s) = -s**2 - 14*s - 18. Let u(i) = i**2 - 11*i + 13. Let z be u(6). Let n be r(z). List the prime factors of (-5 - (-2 + 0))*n/9.
23
Let b(x) = -x**3 - 6*x**2 - 4*x + 10. Let p(l) = -l**2 - 3*l - 1. Let a be p(-4). Let t be b(a). Suppose -k + 81 = t. List the prime factors of k.
2, 19
Suppose -7258*w - 51687 = -7267*w. List the prime factors of w.
5743
Let j(q) be the first derivative of 2*q**3/3 + 2*q**2 + 4*q + 23. Let t be j(-7). Suppose -154 = -4*a + t. List the prime factors of a.
3, 19
Let a(u) = u - 22. Let x be a(22). Suppose x = -3*q - 3, q = -2*n + 4*q + 35. What are the prime factors of n/(-6)*108/(-6)?
2, 3
Let h be ((-1)/(-3))/(6/342). Suppose 15*m - h*m = -200. List the prime factors of m.
2, 5
Let j = 42 + -39. Suppose -3*h + p = -173, -j = -3*p - 0. Let t = h + -37. What are the prime factors of t?
3, 7
Let j(y) = -y**2 + 4*y. Let m be j(9). Let i = 160 + m. Suppose -p + 2*g + 39 + i = 0, 5*p + 4*g - 798 = 0. What are the prime factors of p?
2, 79
Let z be -1*(-1933)/3*(-39)/(-13). Suppose 860 = -z*y + 1937*y. List the prime factors of y.
5, 43
Suppose -c = 3*q - 38, 5*c + 3*q - 169 + 3 = 0. Let b = 281 + c. Let r = -171 + b. List the prime factors of r.
2, 71
Let w(k) = 309*k**3 + 10*k**2 + 66*k - 397. List the prime factors of w(5).
2, 3, 7, 11
Let j be ((-15)/(-10) - 0)*-6. Let y be 48/(-9)*j/(-2). Let s = 1 - y. List the prime factors of s.
5
Suppose -631 - 1881 = -44*d + 28596. List the prime factors of d.
7, 101
Let z be (4/(-11))/(52/(-286)). Suppose 968 = 2*f - b + 211, -5*f - z*b = -1879. List the prime factors of f.
13, 29
Let x(i) = 5*i**2 + 28*i - 4. Let j be x(-6). Let w(u) = -5 - 15*u**2 + 25*u**2 - u**3 - 6*u - 5*u. What are the prime factors of w(j)?
5, 7
Suppose -u + p = 1 - 7, -3*u + 2*p + 18 = 0. Suppose 5*j = -n + 123, -2*j + 290 = 5*n - 348. Let m = n - u. List the prime factors of m.
2, 61
Suppose -36*s = -113*s + 251713. List the prime factors of s.
7, 467
Suppose -22*k - 16*k = 70452. Let h = -927 - k. List the prime factors of h.
3, 103
Suppose 2*z = 3*d - 22341, 0 = -8*d + 7*d + z + 7445. What are the prime factors of d?
7451
Suppose 0*r + 2*r + 2356 = -t, 5*t = 10. Let d = -654 - r. What are the prime factors of d?
3, 5, 7
Suppose 960112 = 34*u + 150*u. What are the prime factors of u?
2, 2609
Suppose -50*j + 5*j = -69300. Suppose 9*z - 7*z = j. What are the prime factors of z?
2, 5, 7, 11
Suppose 16*i = -249 + 1113. Suppose -4*s - q + 272 = q, -2*s = -5*q - 160. Let b = s - i. List the prime factors of b.
2
Suppose 0 = 5*j + 2*d - 95555, j - 3*d + 4*d = 19114. Suppose -13*z = 3067 - j. What are the prime factors of z?
2, 617
Suppose 9*l - 4*u = 4*l + 157597, u + 126060 = 4*l. List the prime factors of l.
31513
Let x = 33076 + 19407. What are the prime factors of x?
31, 1693
Let x(f) = -23*f**3 - f + 1. Let y(q) = -22*q**3 - q + 2. Let i(j) = 4*x(j) - 3*y(j). Let v be i(-1). Suppose -4*l + 337 = v. What are the prime factors of l?
2, 3, 13
Suppose -2*c + 19 = 25. Let j = 3 - c. Let b(f) = f**2 + 7*f - 6. What are the prime factors of b(j)?
2, 3
Let x(o) = -507*o**3 + o**2 + 6*o + 6. Let n(p) = p**3 - 8*p**2 + 6*p + 6. Let j be n(7). What are the prime factors of x(j)?
2, 127
Let x(y) = 241*y**2. Let s be x(-1). Suppose -2*f = 5*b - 1212, -17*f + s = b - 18*f. List the prime factors of b.
2, 11
Let o = 59 - 62. Let k be ((-11)/22)/(((-9)/o)/(-7422)). Suppose 7*t = -243 + k. What are the prime factors of t?
2, 71
What are the prime factors of 238/(-2023) - 2530116/(-51)?
2, 5, 11, 41
Suppose r - 8710 = 156*f - 161*f, -1742 = -f + r. What are the prime factors of f?
2, 13, 67
Let s(m) be the second derivative of 10*m**3/3 - 31*m**2/2 - 18*m - 1. What are the prime factors of s(20)?
3, 41
Let i be ((-18)/(-6) - 3) + 2. Suppose -5*f = 3*g + i*g - 1275, -4*g = -2*f - 1026. What are the prime factors of g?
2
Let v(y) = 30*y**2 + 49*y - 319. List the prime factors of v(7).
2, 3, 83
Suppose 0 = -c + a + 13220, -7*c - 39645 = -10*c - 2*a. List the prime factors of c.
13217
Let a(u) = 102*u - 5314*u**2 - 1 + 5313*u**2 + 1 - 6. List the prime factors of a(9).
3, 277
Let c be (0 - 69720/78) + (-4)/26. List the prime factors of (58/87)/((-1)/c).
2, 149
Let j(n) = -29*n + 2085. List the prime factors of j(11).
2, 883
Suppose -5*t = 3*l - 18350, -10*l + 8*l - 5*t + 12235 = 0. List the prime factors of l.
5, 1223
Let o = -2916 - -5128. List the prime factors of o.
2, 7, 79
Suppose -135*b + 489392 = -50*b - 163238. List the prime factors of b.
2, 11, 349
Suppose 5*q + 48*s - 46*s - 449 = 0, 2*q - 5*s = 197. Let g be (-1 + 2)*30/2. Let r = q + g. What are the prime factors of r?
2, 53
Suppose 5*o - 25 = 0, 0 = -2*y + 51*o - 50*o + 24399. What are the prime factors of y?
2, 6101
Let y = 38 - 25. Let h be ((-1)/2)/(y/1014). What are the prime factors of 676/h*9/(-2)?
2, 3, 13
What are the prime factors of -14 + (-7)/(-21)*61269?
3, 6803
Let x(d) = d - 2. Let h be x(14). Let s(a) = 9 + 2*a - 13*a + 6*a - h*a. What are the prime factors of s(-4)?
7, 11
Suppose 5*d = 3*v - 148337, 2*d = 7*v - 276435 - 69762. What are the prime factors of v?
49459
Suppose -12*w + 17539 - 7075 = 0. Let g = w - 523. What are the prime factors of g?
349
Let c(f) = f - 13. Let d be c(6). Let b be 1/d - (-345)/161. Suppose -607 = -b*n + a, -4*a - 321 = -4*n + 3*n. What are the prime factors of n?
7, 43
Let o(c) be the first derivative of -c**3/3 + 9*c**2 + 22*c - 161. Let l(p) = -p**3 + 7*p**2 - 6*p - 5. Let k be l(5). List the prime factors of o(k).
67
Let q(i) = 430*i + 4350. What are the prime factors of q(22)?
2, 5, 1381
Suppose -60294 = 83*n - 109*n. What are the prime factors